{"id":1926,"date":"2018-05-21T23:24:25","date_gmt":"2018-05-21T21:24:25","guid":{"rendered":"http:\/\/www.angerer-keiler.at\/?page_id=1926"},"modified":"2023-01-31T15:57:31","modified_gmt":"2023-01-31T14:57:31","slug":"datenschutzerklaerung","status":"publish","type":"page","link":"https:\/\/www.installateur-wattens.at\/index.php\/datenschutzerklaerung\/","title":{"rendered":"Datenschutzerkl\u00e4rung"},"content":{"rendered":"<p>Der Schutz Ihrer pers\u00f6nlichen Daten ist uns ein besonderes Anliegen. Wir verarbeiten Ihre Daten daher ausschlie\u00dflich auf Grundlage der gesetzlichen Bestimmungen (DSGVO, TKG 2003). In diesen Datenschutzinformationen informieren wir Sie \u00fcber die wichtigsten Aspekte der Datenverarbeitung im Rahmen unserer Website.<\/p>\n<p><strong>Ihre Rechte<\/strong><\/p>\n<p>Ihnen stehen grunds\u00e4tzlich die Rechte auf Auskunft, Berichtigung, L\u00f6schung, Einschr\u00e4nkung, Daten\u00fcbertragbarkeit, Widerruf und Widerspruch zu. Wenn Sie glauben, dass die Verarbeitung Ihrer Daten gegen das Datenschutzrecht verst\u00f6\u00dft oder Ihre datenschutzrechtlichen Anspr\u00fcche sonst in einer Weise verletzt worden sind, k\u00f6nnen Sie sich bei der Aufsichtsbeh\u00f6rde beschweren. In \u00d6sterreich ist dies die Datenschutzbeh\u00f6rde.<\/p>\n<p><strong>Kontaktm\u00f6glichkeiten<\/strong><\/p>\n<p>Wenn Sie per Formular auf der Website, via Telefon oder per E-Mail Kontakt mit uns aufnehmen, werden Ihre Daten zwecks Bearbeitung der Anfrage und f\u00fcr den Fall von weiteren Fragen bei uns gespeichert. Diese Daten geben wir nicht ohne Ihre Einwilligung weiter.<\/p>\n<p><strong>Serverlogfiles<\/strong><\/p>\n<p>Aus technischen Gr\u00fcnden werden Informationen an uns bzw. den Webspace-Provider vom Browser \u00fcbertragen. Diese Informationen k\u00f6nnen folgende Daten umfassen: Browser inkl. Version, Betriebssystem, besuchte Seiten, Datum und Uhrzeit Ihres Zugriffs und die IP-Adresse. Diese Daten werden nicht mit personenbezogenen Daten verkn\u00fcpft. Der Anbieter verwendet die Protokolldaten nur f\u00fcr statistische Auswertungen, der Sicherheit und der Optimierung des Angebotes. Die Protokolldaten k\u00f6nnen nachtr\u00e4glich gepr\u00fcft werden, wenn aufgrund konkreter Anhaltspunkte ein berechtigter Verdacht auf eine rechtswidrige Nutzung besteht.<\/p>\n<p><strong>Cookies &amp; Deaktivierung<\/strong><\/p>\n<p>Unsere Website verwendet so genannte Cookies. Dabei handelt es sich um kleine Textdateien, die mit Hilfe des Browsers auf Ihrem Endger\u00e4t abgelegt werden. Sie richten keinen Schaden an.<br \/>\nWir nutzen Cookies dazu, unser Angebot nutzerfreundlich zu gestalten. Einige Cookies bleiben auf Ihrem Endger\u00e4t gespeichert, bis Sie diese l\u00f6schen. Sie erm\u00f6glichen es uns, Ihren Browser beim n\u00e4chsten Besuch wiederzuerkennen.<br \/>\nIn allen Browsern k\u00f6nnen Sie Cookies deaktivieren. Entsprechende Anleitungen zu den einzelnen Browsern finden Sie hier:<\/p>\n<p><strong>Internet Explorer<\/strong> <a href=\"https:\/\/support.microsoft.com\/de-de\/help\/17442\/windows-internet-explorer-delete-manage-cookies\">https:\/\/support.microsoft.com\/de-de\/help\/17442\/windows-internet-explorer-delete-manage-cookies<\/a><br \/>\n<strong>Chrome<\/strong> <a href=\"https:\/\/support.google.com\/chrome\/answer\/95647?hl=de&amp;hlrm=de&amp;safe=strict\">https:\/\/support.google.com\/chrome\/answer\/95647?hl=de&amp;hlrm=de&amp;safe=strict<\/a><br \/>\n<strong>Safari<\/strong> <a href=\"https:\/\/support.apple.com\/de-de\/HT201265\">https:\/\/support.apple.com\/de-de\/HT201265<\/a><br \/>\n<strong>Firefox<\/strong> <a href=\"https:\/\/support.mozilla.org\/de\/kb\/cookies-erlauben-und-ablehnen\">https:\/\/support.mozilla.org\/de\/kb\/cookies-erlauben-und-ablehnen<\/a><br \/>\n<strong>Opera<\/strong> <a href=\"http:\/\/help.opera.com\/Windows\/10.20\/de\/cookies.html\">http:\/\/help.opera.com\/Windows\/10.20\/de\/cookies.html<br \/>\n<\/a><br \/>\nBei der Deaktivierung von Cookies kann die Funktionalit\u00e4t unserer Website eingeschr\u00e4nkt sein.<\/p>\n<p><strong>Informationen zur Online-Streitbeilegung<\/strong><\/p>\n<p>Die EU-Kommission bietet die M\u00f6glichkeit zur Online-Streitbeilegung auf einer von ihr betriebenen Plattform (sog. \u201eOS-Plattform\u201c). Die OS-Plattform kann als Anlaufstelle zur au\u00dfergerichtlichen Beilegung von Streitigkeiten aus Online-Kaufvertr\u00e4gen oder Dienstleistungsvertr\u00e4gen dienen. Diese Plattform ist \u00fcber den externen Link http:\/\/ec.europa.eu\/consumers\/odr\/ zu erreichen.<\/p>\n<p><strong>Aktualisierung dieser Datenschutzbestimmungen<\/strong><\/p>\n<p>Wir aktualisieren diese Datenschutzbestimmungen regelm\u00e4\u00dfig. Sollten Sie Fragen zu unseren Datenschutzbestimmungen haben, wenden Sie sich bitte an den unten angef\u00fchrten Kontakt.<\/p>\n<p><strong>Kontakt f\u00fcr den Datenschutz:<\/strong><\/p>\n<p>Keiler &amp; Astl Installationstechnik GmbH<br \/>\nDr.-Karl-Stainer-Stra\u00dfe 2, 6112 Wattens<br \/>\n+43 664 1639148<br \/>\ninfo@angerer-keiler.at<br \/>\nwww.installateur-wattens.at<\/p>\n<p>&nbsp;<\/p>\n<p>&nbsp;<\/p>\n","protected":false},"excerpt":{"rendered":"<p>Der Schutz Ihrer pers\u00f6nlichen Daten ist uns ein besonderes Anliegen. Wir verarbeiten Ihre Daten daher ausschlie\u00dflich auf Grundlage der gesetzlichen Bestimmungen (DSGVO, TKG 2003). In diesen<span class=\"excerpt-hellip\"> [\u2026]<\/span><\/p>\n","protected":false},"author":1,"featured_media":1897,"parent":0,"menu_order":0,"comment_status":"closed","ping_status":"closed","template":"","meta":{"footnotes":""},"_links":{"self":[{"href":"https:\/\/www.installateur-wattens.at\/index.php\/wp-json\/wp\/v2\/pages\/1926"}],"collection":[{"href":"https:\/\/www.installateur-wattens.at\/index.php\/wp-json\/wp\/v2\/pages"}],"about":[{"href":"https:\/\/www.installateur-wattens.at\/index.php\/wp-json\/wp\/v2\/types\/page"}],"author":[{"embeddable":true,"href":"https:\/\/www.installateur-wattens.at\/index.php\/wp-json\/wp\/v2\/users\/1"}],"replies":[{"embeddable":true,"href":"https:\/\/www.installateur-wattens.at\/index.php\/wp-json\/wp\/v2\/comments?post=1926"}],"version-history":[{"count":5,"href":"https:\/\/www.installateur-wattens.at\/index.php\/wp-json\/wp\/v2\/pages\/1926\/revisions"}],"predecessor-version":[{"id":2000,"href":"https:\/\/www.installateur-wattens.at\/index.php\/wp-json\/wp\/v2\/pages\/1926\/revisions\/2000"}],"wp:featuredmedia":[{"embeddable":true,"href":"https:\/\/www.installateur-wattens.at\/index.php\/wp-json\/wp\/v2\/media\/1897"}],"wp:attachment":[{"href":"https:\/\/www.installateur-wattens.at\/index.php\/wp-json\/wp\/v2\/media?parent=1926"}],"curies":[{"name":"wp","href":"https:\/\/api.w.org\/{rel}","templated":true}]}}

Datenschutzerklärung

<p>Der Schutz Ihrer persönlichen Daten ist uns ein besonderes Anliegen. Wir verarbeiten Ihre Daten daher ausschließlich auf Grundlage der gesetzlichen Bestimmungen (DSGVO, TKG 2003). In diesen Datenschutzinformationen informieren wir Sie über die wichtigsten Aspekte der Datenverarbeitung im Rahmen unserer Website.</p>
<p><strong>Ihre Rechte</strong></p>
<p>Ihnen stehen grundsätzlich die Rechte auf Auskunft, Berichtigung, Löschung, Einschränkung, Datenübertragbarkeit, Widerruf und Widerspruch zu. Wenn Sie glauben, dass die Verarbeitung Ihrer Daten gegen das Datenschutzrecht verstößt oder Ihre datenschutzrechtlichen Ansprüche sonst in einer Weise verletzt worden sind, können Sie sich bei der Aufsichtsbehörde beschweren. In Österreich ist dies die Datenschutzbehörde.</p>
<p><strong>Kontaktmöglichkeiten</strong></p>
<p>Wenn Sie per Formular auf der Website, via Telefon oder per E-Mail Kontakt mit uns aufnehmen, werden Ihre Daten zwecks Bearbeitung der Anfrage und für den Fall von weiteren Fragen bei uns gespeichert. Diese Daten geben wir nicht ohne Ihre Einwilligung weiter.</p>
<p><strong>Serverlogfiles</strong></p>
<p>Aus technischen Gründen werden Informationen an uns bzw. den Webspace-Provider vom Browser übertragen. Diese Informationen können folgende Daten umfassen: Browser inkl. Version, Betriebssystem, besuchte Seiten, Datum und Uhrzeit Ihres Zugriffs und die IP-Adresse. Diese Daten werden nicht mit personenbezogenen Daten verknüpft. Der Anbieter verwendet die Protokolldaten nur für statistische Auswertungen, der Sicherheit und der Optimierung des Angebotes. Die Protokolldaten können nachträglich geprüft werden, wenn aufgrund konkreter Anhaltspunkte ein berechtigter Verdacht auf eine rechtswidrige Nutzung besteht.</p>
<p><strong>Cookies &amp; Deaktivierung</strong></p>
<p>Unsere Website verwendet so genannte Cookies. Dabei handelt es sich um kleine Textdateien, die mit Hilfe des Browsers auf Ihrem Endgerät abgelegt werden. Sie richten keinen Schaden an.<br />
Wir nutzen Cookies dazu, unser Angebot nutzerfreundlich zu gestalten. Einige Cookies bleiben auf Ihrem Endgerät gespeichert, bis Sie diese löschen. Sie ermöglichen es uns, Ihren Browser beim nächsten Besuch wiederzuerkennen.<br />
In allen Browsern können Sie Cookies deaktivieren. Entsprechende Anleitungen zu den einzelnen Browsern finden Sie hier:</p>
<p><strong>Internet Explorer</strong> <a href="https://support.microsoft.com/de-de/help/17442/windows-internet-explorer-delete-manage-cookies">https://support.microsoft.com/de-de/help/17442/windows-internet-explorer-delete-manage-cookies</a><br />
<strong>Chrome</strong> <a href="https://support.google.com/chrome/answer/95647?hl=de&amp;hlrm=de&amp;safe=strict">https://support.google.com/chrome/answer/95647?hl=de&amp;hlrm=de&amp;safe=strict</a><br />
<strong>Safari</strong> <a href="https://support.apple.com/de-de/HT201265">https://support.apple.com/de-de/HT201265</a><br />
<strong>Firefox</strong> <a href="https://support.mozilla.org/de/kb/cookies-erlauben-und-ablehnen">https://support.mozilla.org/de/kb/cookies-erlauben-und-ablehnen</a><br />
<strong>Opera</strong> <a href="http://help.opera.com/Windows/10.20/de/cookies.html">http://help.opera.com/Windows/10.20/de/cookies.html<br />
</a><br />
Bei der Deaktivierung von Cookies kann die Funktionalität unserer Website eingeschränkt sein.</p>
<p><strong>Informationen zur Online-Streitbeilegung</strong></p>
<p>Die EU-Kommission bietet die Möglichkeit zur Online-Streitbeilegung auf einer von ihr betriebenen Plattform (sog. „OS-Plattform“). Die OS-Plattform kann als Anlaufstelle zur außergerichtlichen Beilegung von Streitigkeiten aus Online-Kaufverträgen oder Dienstleistungsverträgen dienen. Diese Plattform ist über den externen Link http://ec.europa.eu/consumers/odr/ zu erreichen.</p>
<p><strong>Aktualisierung dieser Datenschutzbestimmungen</strong></p>
<p>Wir aktualisieren diese Datenschutzbestimmungen regelmäßig. Sollten Sie Fragen zu unseren Datenschutzbestimmungen haben, wenden Sie sich bitte an den unten angeführten Kontakt.</p>
<p><strong>Kontakt für den Datenschutz:</strong></p>
<p>Keiler &amp; Astl Installationstechnik GmbH<br />
Dr.-Karl-Stainer-Straße 2, 6112 Wattens<br />
+43 664 1639148<br />
info@angerer-keiler.at<br />
www.installateur-wattens.at</p>
<p>&nbsp;</p>
<p>&nbsp;</p>

<p>Der Schutz Ihrer persönlichen Daten ist uns ein besonderes Anliegen. Wir verarbeiten Ihre Daten daher ausschließlich auf Grundlage der gesetzlichen Bestimmungen (DSGVO, TKG 2003). In diesen<span class="excerpt-hellip"> […]</span></p>
